{"id":104,"date":"2022-11-26T13:18:47","date_gmt":"2022-11-26T12:18:47","guid":{"rendered":"https:\/\/ermekeilinitiative.de\/repaircafe\/?page_id=104"},"modified":"2022-11-26T13:19:48","modified_gmt":"2022-11-26T12:19:48","slug":"blog","status":"publish","type":"page","link":"https:\/\/ermekeilinitiative.de\/repaircafe\/blog\/","title":{"rendered":"Alle Beitr\u00e4ge"},"content":{"rendered":"<ul class=\"wp-block-latest-posts__list has-dates wp-block-latest-posts\"><li><a class=\"wp-block-latest-posts__post-title\" href=\"https:\/\/ermekeilinitiative.de\/repaircafe\/2024\/01\/04\/weihnachtsessen-der-bonner-repair-cafes-2023\/\">Weihnachtsessen der Bonner Repair Caf\u00e9s 2023<\/a><time datetime=\"2024-01-04T19:48:33+01:00\" class=\"wp-block-latest-posts__post-date\">4. Januar 2024<\/time><div class=\"wp-block-latest-posts__post-excerpt\">Am Donnerstag, den 21. Dezember 2023 fand das gemeinsame Weihnachtsessen der Bonner Repair Caf\u00e9s bei der Ermekeilinitiative statt. F\u00fcr die Reparierer*innen stellte dies eine willkommene Gelegenheit dar, sich \u00fcber das vergangene Jahr und neue Projekte f\u00fcr 2024 auszutauschen. Eingeladen waren alle Aktiven der Bonner Repair Caf\u00e9s, des Maker Space Bonn und der Leihbar Bonn. Wie\u2026\u00a0<a class=\"wp-block-latest-posts__read-more\" href=\"https:\/\/ermekeilinitiative.de\/repaircafe\/2024\/01\/04\/weihnachtsessen-der-bonner-repair-cafes-2023\/\" rel=\"noopener noreferrer\"><span class=\"screen-reader-text\">Weihnachtsessen der Bonner Repair Caf\u00e9s 2023 <\/span>weiterlesen<\/a><\/div><\/li>\n<li><a class=\"wp-block-latest-posts__post-title\" href=\"https:\/\/ermekeilinitiative.de\/repaircafe\/2022\/11\/24\/besuch-der-abgeordneten-des-eu-parlaments-anna-cavazzini-und-alexandra-geese-zum-treffen-mit-dem-netzwerk-der-bonner-repaircafees-offenen-werkstaetten-und-makerspaces-am-04-11-2022\/\">Besuch der Abgeordneten des EU Parlaments Anna Cavazzini und Alexandra Geese zum Treffen mit dem Netzwerk der Bonner Repaircafees, offenen Werkst\u00e4tten und Makerspaces am 04.11.2022.<\/a><time datetime=\"2022-11-24T12:43:14+01:00\" class=\"wp-block-latest-posts__post-date\">24. November 2022<\/time><div class=\"wp-block-latest-posts__post-excerpt\">Bei diesem Treffen wurden verschiedenen Themen zur Nachhaltigkeit, Kreislaufwirtschaft, Recht auf Reparatur er\u00f6rtert und die Besucherinnen erkl\u00e4rten die gegenw\u00e4rtigen Prozesse im EU Parlament dazu. Die Bonner wiederum erz\u00e4hlten aus ihrer erlebten Praxis in den Repaircafes. Insgesamt ein interessanter und fruchtbarer Austausch. Wie es mit der Gesetzgebung auf EU Ebene weitergeht, werden wir mit Spannung verfolgen.<\/div><\/li>\n<\/ul>","protected":false},"excerpt":{"rendered":"","protected":false},"author":1,"featured_media":0,"parent":0,"menu_order":0,"comment_status":"closed","ping_status":"closed","template":"","meta":{"footnotes":""},"class_list":["post-104","page","type-page","status-publish","hentry"],"_links":{"self":[{"href":"https:\/\/ermekeilinitiative.de\/repaircafe\/wp-json\/wp\/v2\/pages\/104","targetHints":{"allow":["GET"]}}],"collection":[{"href":"https:\/\/ermekeilinitiative.de\/repaircafe\/wp-json\/wp\/v2\/pages"}],"about":[{"href":"https:\/\/ermekeilinitiative.de\/repaircafe\/wp-json\/wp\/v2\/types\/page"}],"author":[{"embeddable":true,"href":"https:\/\/ermekeilinitiative.de\/repaircafe\/wp-json\/wp\/v2\/users\/1"}],"replies":[{"embeddable":true,"href":"https:\/\/ermekeilinitiative.de\/repaircafe\/wp-json\/wp\/v2\/comments?post=104"}],"version-history":[{"count":2,"href":"https:\/\/ermekeilinitiative.de\/repaircafe\/wp-json\/wp\/v2\/pages\/104\/revisions"}],"predecessor-version":[{"id":106,"href":"https:\/\/ermekeilinitiative.de\/repaircafe\/wp-json\/wp\/v2\/pages\/104\/revisions\/106"}],"wp:attachment":[{"href":"https:\/\/ermekeilinitiative.de\/repaircafe\/wp-json\/wp\/v2\/media?parent=104"}],"curies":[{"name":"wp","href":"https:\/\/api.w.org\/{rel}","templated":true}]}}

Alle Beiträge

<ul class="wp-block-latest-posts__list has-dates wp-block-latest-posts"><li><a class="wp-block-latest-posts__post-title" href="https://ermekeilinitiative.de/repaircafe/2024/01/04/weihnachtsessen-der-bonner-repair-cafes-2023/">Weihnachtsessen der Bonner Repair Cafés 2023</a><time datetime="2024-01-04T19:48:33+01:00" class="wp-block-latest-posts__post-date">4. Januar 2024</time><div class="wp-block-latest-posts__post-excerpt">Am Donnerstag, den 21. Dezember 2023 fand das gemeinsame Weihnachtsessen der Bonner Repair Cafés bei der Ermekeilinitiative statt. Für die Reparierer*innen stellte dies eine willkommene Gelegenheit dar, sich über das vergangene Jahr und neue Projekte für 2024 auszutauschen. Eingeladen waren alle Aktiven der Bonner Repair Cafés, des Maker Space Bonn und der Leihbar Bonn. Wie… <a class="wp-block-latest-posts__read-more" href="https://ermekeilinitiative.de/repaircafe/2024/01/04/weihnachtsessen-der-bonner-repair-cafes-2023/" rel="noopener noreferrer"><span class="screen-reader-text">Weihnachtsessen der Bonner Repair Cafés 2023 </span>weiterlesen</a></div></li>
<li><a class="wp-block-latest-posts__post-title" href="https://ermekeilinitiative.de/repaircafe/2022/11/24/besuch-der-abgeordneten-des-eu-parlaments-anna-cavazzini-und-alexandra-geese-zum-treffen-mit-dem-netzwerk-der-bonner-repaircafees-offenen-werkstaetten-und-makerspaces-am-04-11-2022/">Besuch der Abgeordneten des EU Parlaments Anna Cavazzini und Alexandra Geese zum Treffen mit dem Netzwerk der Bonner Repaircafees, offenen Werkstätten und Makerspaces am 04.11.2022.</a><time datetime="2022-11-24T12:43:14+01:00" class="wp-block-latest-posts__post-date">24. November 2022</time><div class="wp-block-latest-posts__post-excerpt">Bei diesem Treffen wurden verschiedenen Themen zur Nachhaltigkeit, Kreislaufwirtschaft, Recht auf Reparatur erörtert und die Besucherinnen erklärten die gegenwärtigen Prozesse im EU Parlament dazu. Die Bonner wiederum erzählten aus ihrer erlebten Praxis in den Repaircafes. Insgesamt ein interessanter und fruchtbarer Austausch. Wie es mit der Gesetzgebung auf EU Ebene weitergeht, werden wir mit Spannung verfolgen.</div></li>
</ul>
